Convert 55 (base 10) to base 2.
110111
Convert 1 (base 5) to base 11.
1
Convert -1 (base 2) to base 7.
-1
-23 (base 4) to base 3
-102
What is 52 (base 8) in base 5?
132
What is -2 (base 13) in base 4?
-2
-100 (base 3) to base 7
-12
Convert -10 (base 2) to base 13.
-2
2 (base 8) to base 6
2
What is 50 (base 6) in base 16?
1e
31 (base 6) to base 15
14
Convert -14 (base 7) to base 8.
-13
Convert 206 (base 8) to base 15.
8e
Convert a9 (base 13) to base 9.
164
What is 12 (base 3) in base 7?
5
Convert 12 (base 5) to base 9.
7
What is -101 (base 2) in base 16?
-5
What is 92 (base 12) in base 9?
132
Convert -267 (base 8) to base 5.
-1213
What is -112 (base 10) in base 11?
-a2
Convert -7 (base 11) to base 4.
-13
What is 0 (base 12) in base 13?
0
1 (base 5) to base 10
1
-17 (base 11) to base 8
-22
-1 (base 13) to base 6
-1
Convert -118 (base 10) to base 9.
-141
What is -8 (base 11) in base 12?
-8
Convert -1 (base 2) to base 13.
-1
What is -c (base 14) in base 11?
-11
Convert 2 (base 15) to base 7.
2
57 (base 8) to base 15
32
What is -5 (base 16) in base 8?
-5
What is 111 (base 2) in base 5?
12
-9 (base 10) to base 9
-10
-3 (base 10) to base 6
-3
What is 2020 (base 4) in base 15?
91
-21 (base 4) to base 9
-10
3 (base 4) to base 10
3
Convert -63 (base 9) to base 8.
-71
What is 78 (base 9) in base 16?
47
-24 (base 9) to base 7
-31
Convert -2a (base 11) to base 9.
-35
-1 (base 14) to base 10
-1
Convert -24 (base 8) to base 12.
-18
-2 (base 3) to base 13
-2
-212 (base 3) to base 13
-1a
What is -34 (base 6) in base 4?
-112
Convert 2 (base 7) to base 12.
2
a3 (base 11) to base 7
221
-133 (base 8) to base 5
-331
What is -4 (base 16) in base 6?
-4
-103 (base 5) to base 10
-28
Convert -3 (base 9) to base 13.
-3
4 (base 6) to base 15
4
What is -2 (base 13) in base 4?
-2
What is 33 (base 11) in base 5?
121
-21 (base 15) to base 5
-111
11 (base 3) to base 4
10
What is 0 (base 14) in base 6?
0
1100110 (base 2) to base 15
6c
What is 23 (base 4) in base 11?
10
Convert -9 (base 15) to base 13.
-9
What is -e (base 16) in base 12?
-12
Convert 96 (base 15) to base 13.
ab
Convert 4 (base 13) to base 12.
4
1 (base 5) to base 4
1
Convert 1 (base 3) to base 9.
1
What is -10000001 (base 2) in base 11?
-108
What is 2 (base 10) in base 2?
10
What is 2 (base 3) in base 7?
2
b7 (base 16) to base 15
c3
Convert -12 (base 3) to base 8.
-5
Convert 0 (base 12) to base 3.
0
Convert -47 (base 12) to base 2.
-110111
-31 (base 6) to base 16
-13
Convert -32 (base 12) to base 6.
-102
What is -5 (base 16) in base 13?
-5
What is 1 (base 3) in base 4?
1
9 (base 14) to base 6
13
-58 (base 10) to base 13
-46
What is 19b (base 12) in base 13?
173
Convert -141 (base 6) to base 7.
-115
What is -6 (base 8) in base 14?
-6
What is 21 (base 4) in base 2?
1001
100 (base 3) to base 15
9
What is 42 (base 7) in base 4?
132
Convert -9 (base 10) to base 9.
-10
Convert -110000 (base 2) to base 16.
-30
-15 (base 13) to base 8
-22
230 (base 7) to base 2
1110111
Convert -2 (base 6) to base 14.
-2
What is 3e (base 16) in base 2?
111110
Convert 0 (base 10) to base 9.
0
What is 73 (base 8) in base 15?
3e
Convert -1 (base 12) to base 9.
-1
12 (base 14) to base 8
20
Convert 5 (base 11) to base 3.
12
101111 (base 2) to base 6
115
-134 (base 10) to base 15
-8e
Convert -1212 (base 4) to base 11.
-93
Convert 3 (base 11) to base 15.
3
What is -14 (base 5) in base 14?
-9
Convert -31 (base 6) to base 7.
-25
Convert -111 (base 5) to base 15.
-21
25 (base 13) to base 2
11111
Convert 4 (base 9) to base 5.
4
Convert 10 (base 5) to base 10.
5
-3 (base 6) to base 7
-3
Convert -2 (base 13) to base 7.
-2
What is -3 (base 8) in base 2?
-11
What is 0 (base 9) in base 14?
0
1c (base 15) to base 13
21
Convert -105 (base 6) to base 11.
-38
What is -50 (base 13) in base 7?
-122
What is 42 (base 15) in base 10?
62
What is -35 (base 8) in base 7?
-41
1 (base 7) to base 16
1
Convert 131 (base 5) to base 6.
105
Convert 0 (base 5) to base 10.
0
What is -b (base 16) in base 8?
-13
3 (base 6) to base 7
3
304 (base 6) to base 11
a2
Convert 0 (base 7) to base 6.
0
What is 25 (base 6) in base 4?
101
0 (base 7) to base 3
0
What is -3 (base 7) in base 4?
-3
39 (base 10) to base 4
213
What is -12 (base 12) in base 15?
-e
Convert 10111001 (base 2) to base 14.
d3
Convert -74 (base 16) to base 14.
-84
1 (base 16) to base 9
1
1 (base 12) to base 13
1
What is -302 (base 5) in base 9?
-85
Convert 4 (base 15) to base 16.
4
What is -2 (base 7) in base 4?
-2
What is 3 (base 4) in base 7?
3
What is 5 (base 16) in base 13?
5
Convert -4 (base 8) to base 4.
-10
3 (base 16) to base 6
3
-7 (base 11) to base 5
-12
-24 (base 7) to base 6
-30
-5 (base 7) to base 10
-5
Convert -2 (base 9) to base 5.
-2
Convert -3 (base 12) to base 2.
-11
Convert c7 (base 14) to base 3.
20111
What is 21 (base 8) in base 13?
14
What is -1 (base 10) in base 16?
-1
Convert -2 (base 3) to base 4.
-2
What is 9c (base 15) in base 13?
b4
What is 73 (base 13) in base 4?
1132
Convert 351 (base 6) to base 2.
10001011
What is 3 (base 13) in base 5?
3
-4 (base 11) to base 9
-4
5 (base 12) to base 3
12
3 (base 16) to base 13
3
What is -5 (base 10) in base 7?
-5
What is -2 (base 9) in base 10?
-2
What is -34 (base 14) in base 12?
-3a
Convert -11 (base 14) to base 8.
-17
What is 3213 (base 4) in base 2?
11100111
What is -1 (base 15) in base 10?
-1
Convert 14 (base 7) to base 11.
10
Convert -2 (base 16) to base 15.
-2
What is -54 (base 15) in base 6?
-211
Convert -100 (base 4) to base 3.
-121
What is -1020 (base 4) in base 14?
-52
3 (base 15) to base 4
3
-532 (base 8) to base 4
-11122
Convert -200 (base 5) to base 10.
-50
Convert 20 (base 3) to base 11.
6
What is -19 (base 12) in base 5?
-41
What is 0 (base 4) in base 7?
0
Convert -27 (base 11) to base 2.
-11101
-6 (base 8) to base 13
-6
Convert -28 (base 9) to base 11.
-24
-10 (base 8) to base 14
-8
Convert e (base 15) to base 12.
12
What is 3c (base 16) in base 14?
44
Convert 405 (base 8) to base 13.
171
8 (base 11) to base 12
8
Convert -1 (base 16) to base 14.
-1
Convert -2 (base 8) to base 12.
-2
What is -1011 (base 3) in base 15?
-21
What is 15 (base 15) in base 16?
14
2 (base 4) to base 14
2
Convert 14 (base 15) to base 16.
13
-10021 (base 3) to base 15
-5d
Convert -101 (base 4) to base 11.
-16
What is -126 (base 7) in base 6?
-153
Convert 113 (base 13) to base 2.
10111001
What is 29 (base 15) in base 16?
27
Convert -12100 (base 3) to base 2.
-10010000
-2a (base 13) to base 9
-40
Convert 6 (base 9) to base 13.
6
What is -7 (base 8) in base 2?
-111
What is -69 (base 16) in base 8?
-151
What is -149 (base 11) in base 15?
-b9
Convert -116 (base 9) to base 14.
-6c
What is -10 (base 3) in base 5?
-3
-14 (base 12) to base 7
-22
24 (base 8) to base 2
10100
Convert 3 (base 15) to base 9.
3
What is 187 (base 11) in base 10?
216
-a2 (base 15) to base 6
-412
What is 0 (base 13) in base 10?
0
32 (base 13) to base 14
2d
What is -3303 (base 4) in base 10?
-243
-33 (base 10) to base 3
-1020
51 (base 9) to base 8
56
54 (base 8) to base 10
44
16 (base 14) to base 10
20
46 (base 15) to base 4
1002
-100 (base 2) to base 7
-4
56 (base 10) to base 11
51
What is 203 (base 7) in base 3?
10202
Convert -1 (base 2) to base 12.
-1
-117 (base 16) to base 11
-234
-125 (base 7) to base 12
-58
Convert 1 (base 13) to base 9.
1
0 (base 4) to base 9
0
What is 5 (base 12) in base 13?
5
What is 22 (base 6) in base 8?
16
Convert -43 (base 6) to base 8.
-33
What is 302 (base 6) in base 15?
75
Convert -5 (base 15) to base 9.
-5
What is -3 (base 10) in base 11?
-3
Convert -1002 (base 4) to base 14.
-4a
110 (base 15) to base 3
22220
What is -c (base 14) in base 15?
-c
-25 (base 8) to base 12
-19
What is -20 (base 10) in base 12?
-18
Convert 2 (base 12) to base 14.
2
111220 (base 3) to base 13
22b
0 (base 5) to base 8
0
2 (base 15) to base 16
2
What is -36 (base 11) in base 8?
-47
Convert 533 (base 6) to base 12.
149
Convert -13 (base 8) to base 7.
-14
What is -79 (base 10) in base 11?
-72
-13 (base 15) to base 2
-10010
3 (base 9) to base 8
3
What is -94 (base 12) in base 8?
-160
Convert -2 (base 5) to base 15.
-2
-2 (base 16) to base 9
-2
Convert -15 (base 11) to base 3.
-121
Convert 8 (base 10) to base 8.
10
Convert -10 (base 12) to base 10.
-12
-5 (base 15) to base 10
-5
Convert 11